6
What is the hundreds digit of 151780?
7
What is the hundreds digit of 245497?
4
What is the units digit of 18691?
1
What is the tens digit of 126007?
0
What is the hundreds digit of 73220?
2
What is the hundreds digit of 602233?
2
What is the ten millions digit of 22920871?
2
What is the units digit of 101168?
8
What is the tens digit of 10657392?
9
What is the tens digit of 1078638?
3
What is the hundred thousands digit of 7895996?
8
What is the ten thousands digit of 159964?
5
What is the ten thousands digit of 748082?
4
What is the millions digit of 19143792?
9
What is the units digit of 7240237?
7
What is the hundreds digit of 731537?
5
What is the ten thousands digit of 11890125?
9
What is the hundreds digit of 247048?
0
What is the thousands digit of 11905921?
5
What is the units digit of 67839?
9
What is the hundred thousands digit of 199823?
1
What is the hundreds digit of 19328?
3
What is the tens digit of 4821702?
0
What is the hundreds digit of 172015?
0
What is the thousands digit of 99855?
9
What is the ten thousands digit of 163316?
6
What is the tens digit of 322847?
4
What is the hundreds digit of 301287?
2
What is the hundreds digit of 4143828?
8
What is the thousands digit of 24649?
4
What is the millions digit of 3652551?
3
What is the hundred thousands digit of 208910?
2
What is the ten thousands digit of 63375?
6
What is the thousands digit of 4720525?
0
What is the units digit of 5417854?
4
What is the ten thousands digit of 687165?
8
What is the hundreds digit of 264985?
9
What is the hundreds digit of 490472?
4
What is the ten thousands digit of 11348367?
4
What is the thousands digit of 207942?
7
What is the thousands digit of 6367114?
7
What is the millions digit of 7606050?
7
What is the hundred thousands digit of 5721070?
7
What is the hundred thousands digit of 4343795?
3
What is the tens digit of 803877?
7
What is the hundreds digit of 5448195?
1
What is the hundred thousands digit of 8112005?
1
What is the hundred thousands digit of 871250?
8
What is the hundreds digit of 5409666?
6
What is the units digit of 1462515?
5
What is the ten thousands digit of 941123?
4
What is the hundreds digit of 429160?
1
What is the thousands digit of 111540?
1
What is the ten millions digit of 12689742?
1
What is the hundreds digit of 4865641?
6
What is the tens digit of 613104?
0
What is the thousands digit of 1475878?
5
What is the hundred thousands digit of 5374077?
3
What is the units digit of 1358643?
3
What is the millions digit of 1351781?
1
What is the millions digit of 1644082?
1
What is the hundred thousands digit of 1239135?
2
What is the units digit of 343895?
5
What is the thousands digit of 4060350?
0
What is the tens digit of 1174752?
5
What is the ten thousands digit of 1253319?
5
What is the hundred thousands digit of 208209?
2
What is the hundred thousands digit of 21516589?
5
What is the hundreds digit of 1401581?
5
What is the units digit of 190903?
3
What is the thousands digit of 25466364?
6
What is the tens digit of 3336782?
8
What is the thousands digit of 192752?
2
What is the hundreds digit of 91149?
1
What is the hundred thousands digit of 1961094?
9
What is the tens digit of 206042?
4
What is the units digit of 11230174?
4
What is the hundred thousands digit of 213387?
2
What is the hundred thousands digit of 468777?
4
What is the tens digit of 101531?
3
What is the hundred thousands digit of 255427?
2
What is the tens digit of 2784486?
8
What is the hundred thousands digit of 450185?
4
What is the units digit of 2258878?
8
What is the tens digit of 17661660?
6
What is the thousands digit of 11125977?
5
What is the units digit of 199088?
8
What is the thousands digit of 189927?
9
What is the hundred thousands digit of 6140514?
1
What is the units digit of 104434?
4
What is the tens digit of 150252?
5
What is the hundred thousands digit of 595212?
5
What is the hundred thousands digit of 2204537?
2
What is the ten thousands digit of 321930?
2
What is the ten thousands digit of 6763081?
6
What is the tens digit of 1744372?
7
What is the units digit of 4764771?
1
What is the hundreds digit of 1698539?
5
What is the hundreds digit of 4166919?
9
What is the units digit of 27073?
3
What is the thousands digit of 263301?
3
What is the millions digit of 8441703?
8
What is the ten thousands digit of 889239?
8
What is the hundreds digit of 14765908?
9
What is the hundreds digit of 3955974?
9
What is the units digit of 4061?
1
What is the hundred thousands digit of 9694223?
6
What is the units digit of 361910?
0
What is the tens digit of 31373?
7
What is the tens digit of 487756?
5
What is the hundred thousands digit of 1986501?
9
What is the millions digit of 13344882?
3
What is the millions digit of 1088656?
1
What is the tens digit of 4394617?
1
What is the ten thousands digit of 7220069?
2
What is the thousands digit of 69634?
9
What is the units digit of 257308?
8
What is the units digit of 4311127?
7
What is the hundred thousands digit of 691635?
6
What is the ten thousands digit of 326949?
2
What is the hundreds digit of 259547?
5
What is the hundreds digit of 336959?
9
What is the units digit of 11884374?
4
What is the hundred thousands digit of 9934278?
9
What is the ten thousands digit of 21061?
2
What is the tens digit of 17559591?
9
What is the ten thousands digit of 1863210?
6
What is the hundreds digit of 1742474?
4
What is the tens digit of 4280287?
8
What is the units digit of 245941?
1
What is the tens digit of 62318?
1
What is the ten thousands digit of 52897?
5
What is the hundred thousands digit of 223304?
2
What is the hundreds digit of 3707834?
8
What is the thousands digit of 941502?
1
What is the hundred thousands digit of 10032235?
0
What is the ten thousands digit of 19837867?
3
What is the hundred thousands digit of 126832?
1
What is the tens digit of 4187218?
1
What is the millions digit of 4459024?
4
What is the hundreds digit of 12579?
5
What is the thousands digit of 902288?
2
What is the millions digit of 9662824?
9
What is the units digit of 7559782?
2
What is the ten thousands digit of 1220749?
2
What is the thousands digit of 2337516?
7
What is the tens digit of 10168509?
0
What is the hundred thousands digit of 410872?
4
What is the hundred thousands digit of 808178?
8
What is the ten thousands digit of 19913389?
1
What is the units digit of 704417?
7
What is the tens digit of 205012?
1
What is the hundred thousands digit of 510770?
5
What is the hundred thousands digit of 306140?
3
What is the tens digit of 387188?
8
What is the tens digit of 2799852?
5
What is the units digit of 15132936?
6
What is the tens digit of 7521772?
7
What is the ten thousands digit of 254284?
5
What is the ten thousands digit of 371548?
7
What is the ten thousands digit of 100280?
0
What is the units digit of 39610198?
8
What is the thousands digit of 206413?
6
What is the hundred thousands digit of 536660?
5
What is the ten thousands digit of 1732576?
3
What is the units digit of 185973?
3
What is the millions digit of 24052007?
4
What is the thousands digit of 3754997?
4
What is the millions digit of 2653168?
2
What is the tens digit of 275740?
4
What is the hundreds digit of 171838?
8
What is the thousands digit of 3410257?
0
What is the millions digit of 22128762?
2
What is the thousands digit of 196411?
6
What is the thousands digit of 30879973?
9
What is the units digit of 33470517?
7
What is the millions digit of 30786834?
0
What is the hundred thousands digit of 170939?
1
What is the tens digit of 5022871?
7
What is the ten thousands digit of 100887?
0
What is the tens digit of 68206?
0
What is the hundred thousands digit of 409636?
4
What is the hundred thousands digit of 31484132?
4
What is the units digit of 1042327?
7
What is the units digit of 168106?
6
What is the tens digit of 29767737?
3
What is the ten millions digit of 14977109?
1
What is the thousands digit of 14481912?
1
What is the thousands digit of 981665?
1
What is the hundred thousands digit of 525362?
5
What is the thousands digit of 2527217?
7
What is the millions digit of 3067579?
3
What is the hundred thousands digit of 1123808?
1
What is the hundreds digit of 1686134?
1
What is the ten thousands digit of 260134?
